Suppose 60 + 6 = 11*u. Let m(z) = -7*z + 12 + u*z + z**2 - 11. What is m(1)?
1
Let n(c) = -3*c**2 + 2*c + 7*c - 6*c - 3 - c**3. Let o be (-1)/3 + 110/(-30). Give n(o).
1
Let a(r) be the first derivative of r**4/4 + r**3/3 + r**2 - 3*r - 261. Calculate a(3).
39
Let g(w) = -2*w + 17. Let n = 54 - 44. What is g(n)?
-3
Let f(k) = k**3 - 5*k**2 + 8*k + 6. Suppose -5*l + 19 = j, -5*j + 2*j + 17 = 5*l. Give f(l).
22
Let w(i) be the third derivative of -i**5/3 + i**4/24 + i**3/3 - 181*i**2. What is w(-1)?
-19
Let j(t) = 80*t**3 - 10*t**2 - 10*t - 5. Let m(y) = 16*y**3 - 2*y**2 - 2*y - 1. Let w(q) = 2*j(q) - 11*m(q). Give w(-1).
17
Let h(i) = 20*i**3 - 3*i**2 + 3*i + 4. Let b(v) = -19*v**3 + 4*v**2 - 4*v - 5. Let s(w) = -3*b(w) - 4*h(w). Give s(-1).
22
Let q(c) = -2*c**2 - c - 6. Let g(y) = y**3 + 15*y**2 - 14*y + 35. Let h be g(-16). Let w(p) = 5*p**2 + 4*p + 18. Let d(f) = h*w(f) + 8*q(f). Determine d(6).
-6
Suppose 2 = 3*b - 4. Let a(g) = -2*g**3 + g**2 + 15 - 2*g**b + 0*g**3 - 14. Suppose h = 4*h - 3. Determine a(h).
-2
Suppose 4*u - 8*u + 8 = 0. Let j(q) = -3 - 9*q - q**u - 3*q + 13*q - q**3. What is j(0)?
-3
Suppose 2*d - 84 = 2*b + 40, 4*b = 2*d - 132. Let i(o) = -56 - 6*o**2 - o + 0*o**2 + 2*o**2 + d. Suppose -q - 6 = 2*q. Give i(q).
-12
Let l be 4 + -5 - (54/(-2) - -2). Let n be (2/(-3) + l/(-18))*1. Let g(y) = 6*y. Determine g(n).
-12
Let x = 142 - -68. Suppose 4*l + 5*q + 101 = -x, 0 = 3*l + 3*q + 237. Let f be (-1)/(-2) + l/24. Let m(i) = -i**2 - i - 3. Give m(f).
-9
Let m(t) = t**2 + 9*t + 6. Let v(p) = -4*p - 107. Let k be v(-25). Calculate m(k).
-8
Let s = 5 - 1. Let h = s - 1. Let y(d) = -1 + d + h - 1. Give y(-1).
0
Let p(o) be the third derivative of o**6/120 - o**5/30 + o**4/12 - 14*o**3/3 - 38*o**2. Let y(m) be the first derivative of p(m). Give y(2).
6
Let w(i) = -i**2 + 3*i - 4. Let a(u) = 3*u - 30. Let b be a(11). What is w(b)?
-4
Let b(h) be the third derivative of -h**4/8 + 19*h**3/6 - 333*h**2. Determine b(14).
-23
Suppose 2*n + 11 = 6*u - 5*u, -5*n + u = 20. Let k(t) = t**2 + 3*t + 4. Calculate k(n).
4
Let y(b) be the second derivative of b**4/12 - b**3/2 - 4*b**2 + 215*b. Calculate y(6).
10
Suppose -149 - 196 = 3*j. Let n be -1*4 + j/(-23). Let q(t) = -2*t - 4*t - 3*t + 1. Determine q(n).
-8
Let o be (-3 - 2)*(-2)/(-2). Let y(p) = 6*p**3 - 7*p**2 - 12*p - 4. Let a(f) = -5*f**3 + 5*f**2 + 11*f + 3. Let r(g) = 5*a(g) + 4*y(g). What is r(o)?
14
Let o(z) be the second derivative of z**4/2 + z**3/6 - z**2/2 - z. Let b(p) = -p**3 + 7*p**2 - 6*p + 2. Let q be b(5). Let g = q + -21. What is o(g)?
6
Suppose -2*v = -7*v + 185. Let a(f) = f**3 + 0*f**3 - 43 + v - 6*f - 3*f**2. Give a(5).
14
Let a(d) be the first derivative of d**3/3 - d**2 + 3*d + 244. Determine a(3).
6
Let g(t) be the second derivative of t**4/12 + 3*t**3/2 - 3*t**2 + 7*t + 1. What is g(-9)?
-6
Suppose 0 = -32*m + 31*m - 4. Let q(n) = n**2 + 3*n - 2. What is q(m)?
2
Let j(f) be the third derivative of f**4/24 - 7*f**3/6 + 152*f**2. Give j(0).
-7
Suppose 0 = -2*v - 14 + 6. Let q(m) = -m - 1. Let s(z) = -3*z - 2. Let i(k) = v*q(k) + s(k). What is i(-9)?
-7
Let j be -1 - (-5)/5*1/1. Let f(i) = 2*i**2 + i - 34. Calculate f(j).
-34
Let y be -1 - (4/(-1) + 1). Let p(u) = 4 + 2*u - y - 51*u**2 + 53*u**2. Give p(-2).
6
Let n(i) = i**2 + i + 3. Let u be n(0). Let r = u + -1. Let t(k) be the second derivative of -k**4/4 + k**3/3 - 4*k. What is t(r)?
-8
Let m = 19 - 29. Let g = -30 - m. Let q = g + 16. Let j(t) = t**3 + 5*t**2 + 5*t + 6. Give j(q).
2
Suppose 0*b - 4 = -2*b. Suppose b*d - 5 = 1. Suppose -3*l - 10 = -2*f, 4*l + d = 4*f - 5. Let w(i) = -i - 7. Determine w(l).
-1
Suppose q + 11*k = 10*k - 4, 3*q = 3*k - 18. Let s(g) = -g**2 - 4*g + 3. Give s(q).
-2
Let m(n) = -n**2 + 5*n - 2. Let o = -49 + 65. Let r = 24 - 13. Suppose 7*q - 4*q + t - r = 0, -o = -2*q - 5*t. What is m(q)?
4
Let i(u) = -u**2 + 5*u + 1. Let a(v) = -4*v**3 + 9*v**2 + 13*v + 10. Let o(p) = -p**3 + p + 1. Let c(m) = a(m) - 5*o(m). Let z be c(-8). Calculate i(z).
1
Suppose -5 = 15*n - 16*n. Suppose s - 3 = -n. Let u(o) = o**2 + 1. What is u(s)?
5
Let i be 13/(754/(-4)) - 120/(-58). Let q(w) = 7*w - 6. What is q(i)?
8
Let h(r) = 9*r**2 + 1. Suppose -6*g + 84 = 90. What is h(g)?
10
Let y(q) = q**3 - q**2 - 2. Let s be (3 + 0 - 1)*1. Let a(f) = f**2 + 1. Let n be a(s). Suppose -n = u, -4*u = -3*j - 13 + 39. Give y(j).
2
Let z = 7 + -13. Let y(l) = 13*l**2 - l + 9. Let h(b) = -7*b**2 - 5. Let r = -3 - 8. Let w(u) = r*h(u) + z*y(u). Calculate w(6).
1
Let z(o) = 2*o**2 - 7*o - 1. Let f = -91 - -96. Calculate z(f).
14
Let b(y) = 2*y**2 - 2*y - 4. Let j be b(3). Let g(w) = -99*w - 11. Let p(c) = 124*c + 12. Let v(m) = -5*g(m) - 4*p(m). Determine v(j).
-1
Suppose 5*o = 2*u + 11 + 10, -2*u = -o + 1. Let p(g) = 0*g + 33 + u*g - 28. What is p(-7)?
-9
Suppose 0 = v - 152 + 147. Let r(j) = -j**3 + 7*j**2 - 5*j - 2. Calculate r(v).
23
Let h(v) = 11*v**3 + 23*v**2 + 14*v - 5. Let z be (-10)/(-30) + 14/(-6) + -2. Let x(q) = -5*q**3 - 11*q**2 - 7*q + 2. Let l(s) = z*h(s) - 9*x(s). What is l(-5)?
17
Let u = 139 + -139. Suppose 5*b + 65 = -5*c, 5*b + u + 1 = 3*c. Let x(w) = w**3 + 8*w**2 + 2*w + 9. What is x(c)?
-7
Let w(g) = 5*g - 2. Let c(l) = -4*l + 1. Let v = 12 + -5. Let o(i) = v*c(i) + 6*w(i). Give o(4).
3
Let v(f) be the second derivative of 0*f**2 + f - 1/6*f**3 - 1/2*f**4 + 0. Let n(d) = -d + 5. Let a be n(6). Calculate v(a).
-5
Let s(o) = o**3 - o**2 + 3. Let i(u) = 2*u**3 + 7*u**2 - 5*u - 1. Let f be i(-4). Suppose -f*t - 30 = -30. Give s(t).
3
Let d(x) = x - 3. Let a(t) = -t**3 + 4*t**2 + 9*t - 6. Let f be a(6). Let n = 36 + f. Suppose p = 3*p + n. Determine d(p).
-9
Let x be 39/(-1)*11/(-33). Suppose -7*f - x = 29. Let u(r) = r**3 + 7*r**2 + 4*r - 5. Calculate u(f).
7
Suppose -18 = 2*a - 18. Suppose -4*t + 14 - 6 = a. Let i(m) = 2*m + 1. Determine i(t).
5
Let m(u) = u**2 - 13*u - 13. Suppose -5*k - 2*s = -67, 5*s = -5*k + 2*k + 44. Calculate m(k).
-13
Let h(i) = i**2 + 48*i - 331. Let q be h(6). Let v(n) = -n**2 - 6*n + 17. What is v(q)?
10
Let i = -13 - -16. Suppose i*q = 2*q + 5. Let v(y) = y**2 - 7*y + 2. Determine v(q).
-8
Suppose 0 = 3*a - 2*h + 3, 3*a + 11 + 1 = 5*h. Suppose 8*r = -7 - a. Let p(y) = 7*y**3 + y**2. Determine p(r).
-6
Let v = 6 + -6. Let t(y) = -y**2 - 7. Let l be t(v). Let x = 10 + l. Let k(g) = g**2 - 7*g + 2. What is k(x)?
-10
Let b(l) = 2*l - 37 - 30 - 38 + 104. Let k = 9 + -4. Suppose -k*f = 5*d, f - 3*f - 3*d = 2. Calculate b(f).
3
Let s(m) = m**2 + 2*m + 2. Let k = -74 + 81. Suppose k*n = -35 + 7. Give s(n).
10
Let k(j) be the third derivative of -j**4/8 + 8*j**3/3 + 158*j**2. Determine k(4).
4
Let f(n) be the second derivative of -n**5/20 + 11*n**4/12 + 2*n**3 + n**2/2 + n + 390. Determine f(12).
1
Let p(v) be the third derivative of -v**6/120 + 3*v**5/20 - v**4/8 - 11*v**3/6 - 11*v**2 - 3*v. What is p(8)?
29
Suppose -10*i + 85 = -27*i. Let n(x) be the second derivative of x**3/3 + 5*x**2/2 + 3*x. Give n(i).
-5
Suppose 0 = 2*o - 4*o - 16. Let u be (o/12)/((-2)/18). Let i(q) = 8 + 0 - 15*q - 11*q + 25*q - 4. Give i(u).
-2
Let d(r) = r**2 + 3*r - 4. Let x be d(-4). Let h(j) = -j**2 - 41. Give h(x).
-41
Let d be ((-8)/(-10))/((-5)/25). Let j(w) = -28*w + 4*w - 6 + 8*w + 0 + 13*w. What is j(d)?
6
Let j(u) = -9*u**2 - 4*u - 3. Suppose 0 = 3*z + 2*z. Suppose z = -a + 1 - 3. Calculate j(a).
-31
Suppose -5*a - 20 = -a, 0 = 5*m - 4*a - 20. Suppose 3*g + m*g = -9. Let f(h) = -h**2 - 6*h - 1. Determine f(g).
8
Let m = 13 + -10. Suppose -n = m*n - 16. Suppose -u - 3 = n. Let v(o) = o**2 + 5*o - 7. Calculate v(u).
7
Let j(b) = -b**3 - 6*b**2 + 9*b + 4. Suppose -50 + 169 = -17*o. Calculate j(o).
-10
Let z(k) = -k + 14. Let a(f) = 3*f - 58. Let s(w) = -a(w) - 4*z(w). Let t = -1 - -3. Let v = t - 2. Calculate s(v).
2
Let j(s) = -s**2 + 12*s - 4. Let f be j(11). Suppose -4*q - 37 = 3*u, 4*q + 4*u = -33 - f. Let a(x) = -x + 3. Give a(q).
10
Let x be 18/(-24) + 2/(-8). Let a(g) be the third derivative of -g**5/60 + g**4/24 - 24*g**2. Determine a(x).
-2
Let y(n) = -307*n**2 + 305*n**2 - 5*n + 4*n. Suppose -2 = -s - 1. Determine y(s).
-3
Let l(j) = -17*j + 8 + 0*j + 18*j. Calculate l(4).
12
Let g(m) = -3*m. Let n(j) = j**2 + 9*j + 10. Let a be n(-7). Let o be (0 - (-1 - a)) + 2. What is g(o)?
3
Let w